{"id":4931,"date":"2014-02-20T19:19:55","date_gmt":"2014-02-20T18:19:55","guid":{"rendered":"http:\/\/gold-up.fr\/strategie-1000-euros-par-mois\/dup-les-mots-cles-pour-faire-mieux-que-vos-concurrents\/"},"modified":"2014-09-11T14:37:40","modified_gmt":"2014-09-11T12:37:40","slug":"se-programmer-a-lindependance-economique","status":"publish","type":"page","link":"http:\/\/direct-editions.com\/vos-premiers-1000-euros\/vos-premiers-1000-euros\/module-1\/se-programmer-a-lindependance-economique\/","title":{"rendered":"11 habitudes pour se programmer \u00e0 l&rsquo;ind\u00e9pendance \u00e9conomique"},"content":{"rendered":"","protected":false},"excerpt":{"rendered":"","protected":false},"author":90,"featured_media":0,"parent":4924,"menu_order":1,"comment_status":"open","ping_status":"closed","template":"","meta":{"footnotes":""},"class_list":["post-4931","page","type-page","status-publish","hentry"],"_links":{"self":[{"href":"http:\/\/direct-editions.com\/vos-premiers-1000-euros\/wp-json\/wp\/v2\/pages\/4931","targetHints":{"allow":["GET"]}}],"collection":[{"href":"http:\/\/direct-editions.com\/vos-premiers-1000-euros\/wp-json\/wp\/v2\/pages"}],"about":[{"href":"http:\/\/direct-editions.com\/vos-premiers-1000-euros\/wp-json\/wp\/v2\/types\/page"}],"author":[{"embeddable":true,"href":"http:\/\/direct-editions.com\/vos-premiers-1000-euros\/wp-json\/wp\/v2\/users\/90"}],"replies":[{"embeddable":true,"href":"http:\/\/direct-editions.com\/vos-premiers-1000-euros\/wp-json\/wp\/v2\/comments?post=4931"}],"version-history":[{"count":1,"href":"http:\/\/direct-editions.com\/vos-premiers-1000-euros\/wp-json\/wp\/v2\/pages\/4931\/revisions"}],"predecessor-version":[{"id":5255,"href":"http:\/\/direct-editions.com\/vos-premiers-1000-euros\/wp-json\/wp\/v2\/pages\/4931\/revisions\/5255"}],"up":[{"embeddable":true,"href":"http:\/\/direct-editions.com\/vos-premiers-1000-euros\/wp-json\/wp\/v2\/pages\/4924"}],"wp:attachment":[{"href":"http:\/\/direct-editions.com\/vos-premiers-1000-euros\/wp-json\/wp\/v2\/media?parent=4931"}],"curies":[{"name":"wp","href":"https:\/\/api.w.org\/{rel}","templated":true}]}}