{"id":5689,"date":"2014-03-11T03:07:04","date_gmt":"2014-03-11T02:07:04","guid":{"rendered":"http:\/\/vp1000.fr\/dup-comment-creer-une-affaire-rentable-sur-internet-97-p\/"},"modified":"2014-07-01T14:39:45","modified_gmt":"2014-07-01T12:39:45","slug":"allez-plus-loin","status":"publish","type":"page","link":"http:\/\/direct-editions.com\/vos-premiers-1000-euros\/allez-plus-loin\/","title":{"rendered":"Comment cr\u00e9er une affaire rentable sur internet &#8211; 97 &#8211; (compl\u00e9ment \u00e0 votre achat)"},"content":{"rendered":"","protected":false},"excerpt":{"rendered":"","protected":false},"author":90,"featured_media":0,"parent":0,"menu_order":0,"comment_status":"closed","ping_status":"closed","template":"","meta":{"footnotes":""},"class_list":["post-5689","page","type-page","status-publish","hentry"],"_links":{"self":[{"href":"http:\/\/direct-editions.com\/vos-premiers-1000-euros\/wp-json\/wp\/v2\/pages\/5689","targetHints":{"allow":["GET"]}}],"collection":[{"href":"http:\/\/direct-editions.com\/vos-premiers-1000-euros\/wp-json\/wp\/v2\/pages"}],"about":[{"href":"http:\/\/direct-editions.com\/vos-premiers-1000-euros\/wp-json\/wp\/v2\/types\/page"}],"author":[{"embeddable":true,"href":"http:\/\/direct-editions.com\/vos-premiers-1000-euros\/wp-json\/wp\/v2\/users\/90"}],"replies":[{"embeddable":true,"href":"http:\/\/direct-editions.com\/vos-premiers-1000-euros\/wp-json\/wp\/v2\/comments?post=5689"}],"version-history":[{"count":3,"href":"http:\/\/direct-editions.com\/vos-premiers-1000-euros\/wp-json\/wp\/v2\/pages\/5689\/revisions"}],"predecessor-version":[{"id":5692,"href":"http:\/\/direct-editions.com\/vos-premiers-1000-euros\/wp-json\/wp\/v2\/pages\/5689\/revisions\/5692"}],"wp:attachment":[{"href":"http:\/\/direct-editions.com\/vos-premiers-1000-euros\/wp-json\/wp\/v2\/media?parent=5689"}],"curies":[{"name":"wp","href":"https:\/\/api.w.org\/{rel}","templated":true}]}}